mmon factor of 238 and 1072224.
34
Calculate the greatest common divisor of 31603225 and 25.
25
What is the greatest common factor of 1872886 and 278?
278
Calculate the greatest common divisor of 640 and 410.
10
What is the greatest common factor of 722 and 18620?
38
Calculate the highest common divisor of 1644048 and 24.
24
What is the highest common factor of 8 and 372748?
4
Calculate the highest common factor of 3042 and 42.
6
What is the greatest common divisor of 170 and 15674?
34
Calculate the greatest common factor of 664 and 73870.
166
Calculate the greatest common divisor of 93 and 82119.
93
What is the greatest common divisor of 1142656 and 113?
113
What is the highest common divisor of 259716 and 828?
276
Calculate the highest common factor of 3731 and 436814.
287
Calculate the highest common factor of 21 and 1635291.
21
Calculate the greatest common divisor of 388 and 15714.
194
What is the greatest common factor of 795 and 2427665?
265
What is the highest common divisor of 2565 and 22545?
135
Calculate the highest common divisor of 139472 and 368.
368
Calculate the greatest common divisor of 217451 and 43.
43
What is the highest common factor of 37913 and 93?
31
Calculate the highest common factor of 2346 and 3468.
102
Calculate the greatest common divisor of 3904 and 28928.
64
Calculate the greatest common factor of 22 and 1544.
2
Calculate the greatest common factor of 45357 and 266327.
1163
What is the greatest common divisor of 312 and 862584?
24
Calculate the highest common divisor of 2725 and 74120.
545
What is the greatest common divisor of 1040 and 24674?
26
Calculate the greatest common factor of 691 and 171368.
691
Calculate the highest common divisor of 10982 and 799.
17
Calculate the highest common divisor of 10473 and 73.
1
What is the highest common divisor of 410 and 1107?
41
Calculate the highest common divisor of 4 and 29516.
4
What is the highest common divisor of 216 and 159012?
36
Calculate the greatest common divisor of 34316 and 126074.
746
Calculate the highest common factor of 94588 and 104.
52
What is the highest common divisor of 448 and 16436?
28
Calculate the greatest common factor of 564865 and 105.
35
Calculate the greatest common factor of 1018218 and 6690.
1338
What is the greatest common factor of 4 and 34292?
4
What is the highest common factor of 55419 and 156?
39
Calculate the greatest common divisor of 317656 and 177.
59
What is the greatest common divisor of 3 and 13724?
1
What is the highest common divisor of 475904 and 28?
4
Calculate the greatest common factor of 31950 and 1207.
71
What is the highest common divisor of 4404 and 78?
6
What is the greatest common divisor of 43723 and 345?
23
Calculate the greatest common divisor of 3750 and 19200.
150
What is the highest common divisor of 237 and 184386?
237
Calculate the highest common factor of 2044 and 4228.
28
What is the greatest common divisor of 1352 and 1047176?
104
What is the highest common factor of 15435 and 1645?
35
What is the greatest common factor of 504701 and 431?
431
What is the greatest common divisor of 253 and 3105?
23
What is the greatest common factor of 32 and 722864?
16
What is the greatest common divisor of 187030 and 4438?
634
Calculate the highest common divisor of 1 and 33601.
1
What is the greatest common divisor of 856791 and 702?
351
What is the highest common factor of 4816 and 304?
16
What is the highest common divisor of 98 and 16352?
14
Calculate the greatest common divisor of 19456 and 418.
38
What is the highest common factor of 393 and 159689?
131
What is the greatest common divisor of 12 and 2550864?
12
What is the highest common factor of 434 and 361774?
14
Calculate the highest common factor of 3520 and 421520.
880
What is the highest common factor of 7513 and 99?
11
Calculate the greatest common divisor of 700 and 11984.
28
Calculate the highest common factor of 4055 and 1285.
5
What is the highest common factor of 114818 and 68?
34
Calculate the highest common factor of 1872 and 43446.
78
Calculate the greatest common factor of 2548 and 13559.
91
What is the greatest common divisor of 3162 and 158782?
62
What is the greatest common divisor of 90524 and 126?
14
Calculate the greatest common divisor of 16 and 10228.
4
What is the greatest common factor of 280 and 1498?
14
What is the greatest common factor of 308 and 1830983?
77
Calculate the highest common factor of 219 and 651.
3
Calculate the greatest common factor of 2 and 24533.
1
What is the highest common factor of 3678 and 253169?
613
Calculate the highest common factor of 1560 and 72180.
60
Calculate the greatest common factor of 252 and 45801.
63
Calculate the highest common factor of 14378 and 6344.
26
Calculate the greatest common divisor of 23688 and 50904.
504
Calculate the highest common factor of 144 and 111024.
144
What is the highest common factor of 54285 and 68385?
705
What is the highest common divisor of 19190 and 1520?
190
Calculate the greatest common divisor of 48340 and 80.
20
What is the greatest common divisor of 2660 and 909055?
665
Calculate the highest common factor of 3660 and 25986.
366
Calculate the highest common divisor of 117 and 502437.
39
What is the greatest common divisor of 42 and 3227?
7
Calculate the greatest common divisor of 36 and 7089210.
18
What is the highest common factor of 133 and 3029341?
133
Calculate the highest common factor of 17353 and 147.
7
What is the highest common factor of 15977 and 26?
13
What is the highest common factor of 4979962 and 26?
26
What is the greatest common factor of 17654 and 1552?
194
Calculate the greatest common divisor of 1020 and 116535.
255
What is the highest common factor of 344674 and 176?
22
What is the highest common factor of 187 and 3026?
17
Calculate the greatest common factor of 900 and 2472.
12
What is the greatest common factor of 620844 and 2926?
266
What is the greatest common divisor of 11150 and 446?
446
What is the greatest common factor of 216 and 132084?
108
Calculate the highest common divisor of 114704 and 16.
16
What is the highest common divisor of 7334 and 475?
19
Calculate the greatest common divisor of 8586 and 2385.
477
What is the highest common factor of 70 and 30040?
10
What is the highest common factor of 130 and 13370?
10
What is the highest common divisor of 18 and 15996?
6
What is the highest common factor of 27924 and 1248?
156
What is the greatest common factor of 78 and 23214?
6
What is the highest common divisor of 1339 and 13184?
103
What is the highest common divisor of 5725 and 25?
25
What is the greatest common divisor of 10025 and 275?
25
What is the highest common divisor of 176 and 74096?
176
What is the greatest common factor of 513019 and 65?
13
What is the highest common divisor of 44 and 73942?
22
What is the greatest common divisor of 44 and 178508?
44
Calculate the greatest common factor of 18923 and 4619.
149
Calculate the greatest common divisor of 1575 and 15792.
21
Calculate the highest common divisor of 3321 and 54513.
81
Calculate the highest common factor of 384 and 575632.
16
What is the greatest common factor of 216513 and 1269?
27
What is the greatest common divisor of 1126 and 6647341?
563
Calculate the highest common factor of 357750 and 270.
270
Calculate the greatest common divisor of 675 and 891.
27
What is the greatest common divisor of 81 and 13194009?
81
Calculate the greatest common divisor of 5010 and 1620.
30
Calculate the greatest common divisor of 17184 and 105789.
537
Calculate the highest common divisor of 64 and 4629344.
32
What is the highest common divisor of 37983 and 33?
33
What is the highest common divisor of 40 and 11150?
10
Calculate the greatest common divisor of 52 and 205673.
13
What is the highest common divisor of 2432 and 342?
38
Calculate the greatest common factor of 224 and 12894.
14
What is the greatest common factor of 5301 and 817?
19
What is the highest common factor of 124 and 484?
4
What is the greatest common factor of 2060 and 2472?
412
What is the highest common factor of 150505 and 310?
155
Calculate the greatest common divisor of 14 and 1674799.
7
Calculate the highest common divisor of 1075 and 6536.
43
What is the highest common divisor of 1272210 and 120?